e
Is 3571911307 a composite number?
False
Is 174905491 composite?
True
Is 3128754527 a prime number?
False
Is 2045849009 composite?
False
Is 423936091 prime?
True
Is 866146621 composite?
True
Is 406294069 composite?
True
Is 7541937031 a prime number?
True
Is 18315333083 prime?
True
Is 386730277 prime?
True
Is 34441677913 prime?
False
Is 3190514641 a prime number?
True
Is 735572387 a prime number?
False
Is 668790271 a composite number?
True
Is 2536878319 a composite number?
True
Is 1745135843 composite?
True
Is 198778219 prime?
True
Is 1657926661 prime?
True
Is 63063108085 prime?
False
Is 12817211417 a prime number?
True
Is 2927717027 prime?
True
Is 147400079 composite?
False
Is 67476543709 a prime number?
False
Is 6327022489 prime?
True
Is 655183031 prime?
True
Is 18054869741 prime?
True
Is 50925167 prime?
True
Is 1323621569 composite?
False
Is 8610346853 a composite number?
True
Is 582149446 composite?
True
Is 108985061 composite?
True
Is 2892773483 a composite number?
False
Is 8630804099 composite?
False
Is 5033922143 composite?
False
Is 1481474209 a prime number?
True
Is 2756713541 prime?
True
Is 5019193247 prime?
True
Is 9509032651 composite?
True
Is 4186002263 a prime number?
False
Is 135775919861 a prime number?
True
Is 2091799861 composite?
True
Is 902922091 a composite number?
True
Is 10832256551 a prime number?
False
Is 29605920041 a prime number?
False
Is 409012609 composite?
True
Is 957643294 prime?
False
Is 157274567 composite?
False
Is 831011509 prime?
False
Is 102580393 composite?
True
Is 63697067033 a prime number?
False
Is 3477005317 a composite number?
False
Is 990211543 a composite number?
True
Is 6206926001 a prime number?
False
Is 2772552157 a prime number?
True
Is 15462174161 a prime number?
False
Is 48181712053 composite?
True
Is 8041981423 a composite number?
True
Is 129752537 a composite number?
False
Is 685396661 a composite number?
False
Is 60091488677 a composite number?
True
Is 9554294489 composite?
False
Is 320541583 a composite number?
True
Is 49718953633 prime?
False
Is 484827731405 prime?
False
Is 155895484837 a composite number?
False
Is 51383430773 prime?
True
Is 1139118551 composite?
False
Is 652416601 prime?
True
Is 10493929939 prime?
False
Is 262186081 a prime number?
True
Is 2600616511 a prime number?
False
Is 747116087 prime?
False
Is 27830444893 a composite number?
False
Is 235140071 prime?
True
Is 10639921727 prime?
True
Is 692846927 a prime number?
True
Is 26783441201 prime?
False
Is 27604884233 prime?
True
Is 30920909683 prime?
True
Is 79589091599 prime?
True
Is 3479759299 a composite number?
False
Is 2316608293 prime?
True
Is 5516522917 prime?
True
Is 8464134547 a prime number?
False
Is 2507918515 prime?
False
Is 5167102747 a prime number?
True
Is 13692038309 a composite number?
False
Is 1051806991 a prime number?
False
Is 4689340267 a prime number?
True
Is 920042281 composite?
False
Is 6156644189 prime?
True
Is 197478357343 a prime number?
True
Is 31060837211 prime?
True
Is 18007019857 prime?
True
Is 3528613513 prime?
False
Is 107052779 a composite number?
False
Is 11354604797 a prime number?
True
Is 23050763741 a prime number?
False
Is 6828475529 prime?
False
Is 1861712603 prime?
False
Is 190866569 composite?
True
Is 10748675227 a prime number?
False
Is 995933837 prime?
False
Is 21736441651 composite?
False
Is 677587499 a prime number?
True
Is 5137251881 a composite number?
False
Is 2068103201 a prime number?
True
Is 70937240551 a prime number?
True
Is 4843487279 composite?
False
Is 24425334887 a prime number?
True
Is 22908722873 composite?
False
Is 5531031031 composite?
False
Is 7690071197 composite?
False
Is 13167831053 composite?
True
Is 744789469 prime?
False
Is 8359967953 a prime number?
False
Is 1813723007 composite?
False
Is 2802382481 composite?
False
Is 1221735139 a prime number?
True
Is 72687785 composite?
True
Is 62235638483 a prime number?
False
Is 11405343797 prime?
False
Is 171217349 composite?
False
Is 32551424209 a prime number?
False
Is 2441430293 prime?
True
Is 5003131031 a composite number?
True
Is 209678263 prime?
True
Is 538029861 composite?
True
Is 40228573817 a composite number?
True
Is 192012203 composite?
True
Is 12630803495 a composite number?
True
Is 2041444667 prime?
True
Is 233718053 a composite number?
False
Is 1680032153 a prime number?
False
Is 49393014967 a prime number?
True
Is 4761546991 a composite number?
False
Is 78956567 composite?
False
Is 137414969 prime?
True
Is 1306281259 a prime number?
True
Is 322504187 a prime number?
False
Is 11924329 a composite number?
True
Is 9266477447 a prime number?
True
Is 93267983 prime?
True
Is 12349148947 prime?
True
Is 165701939089 prime?
False
Is 13309511 composite?
False
Is 1039365883 a prime number?
False
Is 10565427629 a composite number?
False
Is 51171099191 a composite number?
True
Is 55178817119 composite?
True
Is 68198844809 composite?
True
Is 34877563453 composite?
False
Is 22810185091 composite?
True
Is 2604118969 a prime number?
True
Is 3325661531 composite?
False
Is 386164621 composite?
True
Is 269629991 a prime number?
True
Is 2587327577 a prime number?
True
Is 2173212577 a composite number?
True
Is 1782797743 a composite number?
True
Is 154374649413 a prime number?
False
Is 203527301 composite?
False
Is 8381421833 a composite number?
False
Is 26015307 composite?
True
Is 1955282431 prime?
False
Is 55411049773 prime?
True
Is 1061128451 prime?
True
Is 20263245967 prime?
True
Is 4931263801 composite?
False
Is 18403413071 prime?
False
Is 2796454679 composite?
False
Is 48216953607 a prime number?
False
Is 8908820099 a composite number?
True
Is 1187184589 composite?
False
Is 4596243721 composite?
False
Is 1045006111 a prime number?
True
Is 11813030687 composite?
True
Is 613442153 prime?
True
Is 83674676963 composite?
False
Is 17599027993 a composite number?
False
Is 31226547647 composite?
True
Is 377193611 composite?
False
Is 61020699829 composite?
False
Is 22811115707 a composite number?
False
Is 94220331341 a prime number?
True
Is 25172089 a composite number?
True
Is 134249196973 prime?
False
Is 7960121 prime?
False
Is 109774961 composite?
False
Is 5560504577 prime?
False
Is 194161139 prime?
True
Is 21108180117 composite?
True
Is 46103497997 a composite number?
True
Is 46205105839 composite?
False
Is 258191453 prime?
False
Is 3266126257 a prime number?
False
Is 202764761 a composite number?
False
Is 1355528959 a composite number?
True
Is 962781457 a prime number?
False
Is 2765485231 composite?
True
Is 2645372293 a prime number?
True
Is 3049733209 composite?
False
Is 13113366923 a prime number?
True
Is 895340429 prime?
True
Is 2544969187 a composite number?
True
Is 799228423 prime?
False
Is 624095621 a prime number?
True
Is 678969281 prime?
True
Is 3834674561 a prime number?
False
Is 3415894597 prime?
True
Is 1972993237 a prime number?
False
Is 7289281223 a composite number?
True
Is 1028361401 prime?
False
Is 1552579109 a composite number?
True
Is 2263823831 prime?
True
Is 11326012283 prime?
False
Is 16944232667 a composite number?
True
Is 17348146943 prime?
False
Is 6119767387 a prime number?
True
Is 193103998489 composite?
False
Is 3210781333 composite?
True
Is 2481099241 composite?
True
Is 5458048885 prime?
False
Is 3008072413 prime?
True
Is 22663501019 prime?
False
Is 64753601271 composite?
True
Is 3288824141 composite?
True
Is 1878800141 composite?
False
Is 2648456599 a composite number?
False
Is 5020420393 a prime number?
False
Is 22043460379 composite?
True
Is 1803455333 a composite number?
True
Is 960688733 a composite number?
False
Is 70935979117 prime?
True
Is 11535778223 a prime number?
False
Is 727459481 a prime number?
False
Is 1331473561 prime?
False
Is 748939033 a prime number?
False
Is 1386973967 a prime number?
False
Is 2614563587 a composite number?
False
Is 87279913591 a prime number?
False
Is 39037619771 a composite number?
False
Is 1417999133 a prime number?
True
Is 20191189507 a prime number?
True
Is 52805514269 prime?
True
Is 19322513789 prime?
False
Is 1092939577 a prime number?
False
Is 3560761283 composite?
False
Is 310928155 a composite number?
True
Is 80509249 composite?
True
Is 987027851 a composite number?
True
Is 6942790991 prime?
True
Is 1066987979 a prime number?
True
Is 61930743